{"id":2171,"date":"2020-01-25T22:42:13","date_gmt":"2020-01-25T21:42:13","guid":{"rendered":"http:\/\/mc-campfyn.dk\/?page_id=2171"},"modified":"2026-03-03T15:03:36","modified_gmt":"2026-03-03T14:03:36","slug":"oktoberfest-2020","status":"publish","type":"page","link":"http:\/\/mc-campfyn.dk\/?page_id=2171","title":{"rendered":"Oktoberfest 2026"},"content":{"rendered":"<h3><span style=\"color: #000000;\"><strong>Oktoberfest p\u00e5 MC-Campfyn<\/strong><\/span><\/h3>\n<p><span style=\"color: #000000;\">\ud83d\udcc5 <strong>L\u00f8rdag den 3. Oktober 2026<\/strong><\/span><\/p>\n<p><span style=\"color: #000000;\">Vi holder igen i \u00e5r <strong>Oktoberfest<\/strong> p\u00e5 MC-Campfyn, og vi gl\u00e6der os til en festlig aften!<\/span><\/p>\n<p><span style=\"color: #000000;\">Som de foreg\u00e5ende \u00e5r vil der v\u00e6re <strong>wienerschnitzel<\/strong> med det hele og <strong>fad\u00f8l p\u00e5 hanen<\/strong>. Vi starter med opvarmning om eftermiddagen, s\u00e5 kom gerne tidligt, s\u00e5 der er tid til at skifte til det rigtige kostume.<\/span><\/p>\n<p><span style=\"color: #000000;\"><strong>Nyhed i \u00e5r:<\/strong> Vi har f\u00e5et mulighed for at opvarme drivhuset, s\u00e5 der er plads til mange flere g\u00e6ster. Kom frisk og v\u00e6r med til at skabe en uforglemmelig fest!<\/span><\/p>\n<ul>\n<li><span style=\"color: #000000;\"><strong>Spisning:<\/strong> Kl. 18:00<\/span><\/li>\n<li><span style=\"color: #000000;\"><strong>Slut:<\/strong> Kl. 02:00<\/span><\/li>\n<\/ul>\n<p><span style=\"color: #000000;\"><strong>Gave:<\/strong> Der er en gave til den gruppe, der tilmelder sig med <strong>over 10 personer<\/strong>.<\/span><\/p>\n<hr \/>\n<h3><span style=\"color: #000000;\"><strong>Pris<\/strong><\/span><\/h3>\n<ul>\n<li><span style=\"color: #000000;\">Prisen kommer p\u00e5, lige s\u00e5 snart vi har priserne p\u00e5 plads, med vores madleverand\u00f8r.<\/span><\/li>\n<\/ul>\n<hr \/>\n<h3><span style=\"color: #000000;\"><strong>Overnatning<\/strong><\/span><\/h3>\n<p><span style=\"color: #000000;\">Der er mulighed for at bestille en seng, men der er ogs\u00e5 masser af plads til telt.<\/span><br \/>\n<span style=\"color: #000000;\">det skal bestilles samtidig med tilmelding til festen.<\/span><\/p>\n<p><span style=\"color: #000000;\">Vi gl\u00e6der os til at se jer og fejre en fantastisk Oktoberfest sammen!<\/span><\/p>\n<p><span style=\"color: #000000;\"><strong>Venlig hilsen<\/strong><\/span><br \/>\n<span style=\"color: #000000;\"><em>Tina og Kim<\/em><\/span><\/p>\n<h3 style=\"text-align: center;\"><\/h3>\n<p align=\"center\">\n","protected":false},"excerpt":{"rendered":"<p>Oktoberfest p\u00e5 MC-Campfyn \ud83d\udcc5 L\u00f8rdag den 3. Oktober 2026 Vi holder igen i \u00e5r Oktoberfest p\u00e5 MC-Campfyn, og vi gl\u00e6der os til en festlig aften! Som de foreg\u00e5ende \u00e5r vil der v\u00e6re wienerschnitzel med det hele og fad\u00f8l p\u00e5 hanen. Vi starter med opvarmning om eftermiddagen, s\u00e5 kom gerne tidligt, s\u00e5 der er tid til&hellip; <br \/> <a class=\"read-more\" href=\"http:\/\/mc-campfyn.dk\/?page_id=2171\">L\u00e6s mere<\/a><\/p>\n","protected":false},"author":1,"featured_media":0,"parent":0,"menu_order":0,"comment_status":"closed","ping_status":"closed","template":"","meta":{"footnotes":""},"yoast_head":"<!-- This site is optimized with the Yoast SEO plugin v24.5 - https:\/\/yoast.com\/wordpress\/plugins\/seo\/ -->\n<title>Oktoberfest 2026 -<\/title>\n<meta name=\"robots\" content=\"index, follow, max-snippet:-1, max-image-preview:large, max-video-preview:-1\" \/>\n<link rel=\"canonical\" href=\"http:\/\/mc-campfyn.dk\/?page_id=2171\" \/>\n<meta property=\"og:locale\" content=\"da_DK\" \/>\n<meta property=\"og:type\" content=\"article\" \/>\n<meta property=\"og:title\" content=\"Oktoberfest 2026 -\" \/>\n<meta property=\"og:description\" content=\"Oktoberfest p\u00e5 MC-Campfyn \ud83d\udcc5 L\u00f8rdag den 3. Oktober 2026 Vi holder igen i \u00e5r Oktoberfest p\u00e5 MC-Campfyn, og vi gl\u00e6der os til en festlig aften! Som de foreg\u00e5ende \u00e5r vil der v\u00e6re wienerschnitzel med det hele og fad\u00f8l p\u00e5 hanen. Vi starter med opvarmning om eftermiddagen, s\u00e5 kom gerne tidligt, s\u00e5 der er tid til&hellip; L\u00e6s mere\" \/>\n<meta property=\"og:url\" content=\"http:\/\/mc-campfyn.dk\/?page_id=2171\" \/>\n<meta property=\"article:modified_time\" content=\"2026-03-03T14:03:36+00:00\" \/>\n<meta name=\"twitter:card\" content=\"summary_large_image\" \/>\n<meta name=\"twitter:label1\" content=\"Estimeret l\u00e6setid\" \/>\n\t<meta name=\"twitter:data1\" content=\"1 minut\" \/>\n<script type=\"application\/ld+json\" class=\"yoast-schema-graph\">{\"@context\":\"https:\/\/schema.org\",\"@graph\":[{\"@type\":\"WebPage\",\"@id\":\"http:\/\/mc-campfyn.dk\/?page_id=2171\",\"url\":\"http:\/\/mc-campfyn.dk\/?page_id=2171\",\"name\":\"Oktoberfest 2026 -\",\"isPartOf\":{\"@id\":\"http:\/\/mc-campfyn.dk\/#website\"},\"datePublished\":\"2020-01-25T21:42:13+00:00\",\"dateModified\":\"2026-03-03T14:03:36+00:00\",\"breadcrumb\":{\"@id\":\"http:\/\/mc-campfyn.dk\/?page_id=2171#breadcrumb\"},\"inLanguage\":\"da-DK\",\"potentialAction\":[{\"@type\":\"ReadAction\",\"target\":[\"http:\/\/mc-campfyn.dk\/?page_id=2171\"]}]},{\"@type\":\"BreadcrumbList\",\"@id\":\"http:\/\/mc-campfyn.dk\/?page_id=2171#breadcrumb\",\"itemListElement\":[{\"@type\":\"ListItem\",\"position\":1,\"name\":\"Hjem\",\"item\":\"http:\/\/mc-campfyn.dk\/\"},{\"@type\":\"ListItem\",\"position\":2,\"name\":\"Oktoberfest 2026\"}]},{\"@type\":\"WebSite\",\"@id\":\"http:\/\/mc-campfyn.dk\/#website\",\"url\":\"http:\/\/mc-campfyn.dk\/\",\"name\":\"mc-campfyn\",\"description\":\"\",\"publisher\":{\"@id\":\"http:\/\/mc-campfyn.dk\/#organization\"},\"potentialAction\":[{\"@type\":\"SearchAction\",\"target\":{\"@type\":\"EntryPoint\",\"urlTemplate\":\"http:\/\/mc-campfyn.dk\/?s={search_term_string}\"},\"query-input\":{\"@type\":\"PropertyValueSpecification\",\"valueRequired\":true,\"valueName\":\"search_term_string\"}}],\"inLanguage\":\"da-DK\"},{\"@type\":\"Organization\",\"@id\":\"http:\/\/mc-campfyn.dk\/#organization\",\"name\":\"mc-campfyn\",\"url\":\"http:\/\/mc-campfyn.dk\/\",\"logo\":{\"@type\":\"ImageObject\",\"inLanguage\":\"da-DK\",\"@id\":\"http:\/\/mc-campfyn.dk\/#\/schema\/logo\/image\/\",\"url\":\"http:\/\/mc-campfyn.dk\/wp-content\/uploads\/2019\/11\/logo-1.jpg\",\"contentUrl\":\"http:\/\/mc-campfyn.dk\/wp-content\/uploads\/2019\/11\/logo-1.jpg\",\"width\":380,\"height\":373,\"caption\":\"mc-campfyn\"},\"image\":{\"@id\":\"http:\/\/mc-campfyn.dk\/#\/schema\/logo\/image\/\"}}]}<\/script>\n<!-- \/ Yoast SEO plugin. -->","yoast_head_json":{"title":"Oktoberfest 2026 -","robots":{"index":"index","follow":"follow","max-snippet":"max-snippet:-1","max-image-preview":"max-image-preview:large","max-video-preview":"max-video-preview:-1"},"canonical":"http:\/\/mc-campfyn.dk\/?page_id=2171","og_locale":"da_DK","og_type":"article","og_title":"Oktoberfest 2026 -","og_description":"Oktoberfest p\u00e5 MC-Campfyn \ud83d\udcc5 L\u00f8rdag den 3. Oktober 2026 Vi holder igen i \u00e5r Oktoberfest p\u00e5 MC-Campfyn, og vi gl\u00e6der os til en festlig aften! Som de foreg\u00e5ende \u00e5r vil der v\u00e6re wienerschnitzel med det hele og fad\u00f8l p\u00e5 hanen. Vi starter med opvarmning om eftermiddagen, s\u00e5 kom gerne tidligt, s\u00e5 der er tid til&hellip; L\u00e6s mere","og_url":"http:\/\/mc-campfyn.dk\/?page_id=2171","article_modified_time":"2026-03-03T14:03:36+00:00","twitter_card":"summary_large_image","twitter_misc":{"Estimeret l\u00e6setid":"1 minut"},"schema":{"@context":"https:\/\/schema.org","@graph":[{"@type":"WebPage","@id":"http:\/\/mc-campfyn.dk\/?page_id=2171","url":"http:\/\/mc-campfyn.dk\/?page_id=2171","name":"Oktoberfest 2026 -","isPartOf":{"@id":"http:\/\/mc-campfyn.dk\/#website"},"datePublished":"2020-01-25T21:42:13+00:00","dateModified":"2026-03-03T14:03:36+00:00","breadcrumb":{"@id":"http:\/\/mc-campfyn.dk\/?page_id=2171#breadcrumb"},"inLanguage":"da-DK","potentialAction":[{"@type":"ReadAction","target":["http:\/\/mc-campfyn.dk\/?page_id=2171"]}]},{"@type":"BreadcrumbList","@id":"http:\/\/mc-campfyn.dk\/?page_id=2171#breadcrumb","itemListElement":[{"@type":"ListItem","position":1,"name":"Hjem","item":"http:\/\/mc-campfyn.dk\/"},{"@type":"ListItem","position":2,"name":"Oktoberfest 2026"}]},{"@type":"WebSite","@id":"http:\/\/mc-campfyn.dk\/#website","url":"http:\/\/mc-campfyn.dk\/","name":"mc-campfyn","description":"","publisher":{"@id":"http:\/\/mc-campfyn.dk\/#organization"},"potentialAction":[{"@type":"SearchAction","target":{"@type":"EntryPoint","urlTemplate":"http:\/\/mc-campfyn.dk\/?s={search_term_string}"},"query-input":{"@type":"PropertyValueSpecification","valueRequired":true,"valueName":"search_term_string"}}],"inLanguage":"da-DK"},{"@type":"Organization","@id":"http:\/\/mc-campfyn.dk\/#organization","name":"mc-campfyn","url":"http:\/\/mc-campfyn.dk\/","logo":{"@type":"ImageObject","inLanguage":"da-DK","@id":"http:\/\/mc-campfyn.dk\/#\/schema\/logo\/image\/","url":"http:\/\/mc-campfyn.dk\/wp-content\/uploads\/2019\/11\/logo-1.jpg","contentUrl":"http:\/\/mc-campfyn.dk\/wp-content\/uploads\/2019\/11\/logo-1.jpg","width":380,"height":373,"caption":"mc-campfyn"},"image":{"@id":"http:\/\/mc-campfyn.dk\/#\/schema\/logo\/image\/"}}]}},"_links":{"self":[{"href":"http:\/\/mc-campfyn.dk\/index.php?rest_route=\/wp\/v2\/pages\/2171"}],"collection":[{"href":"http:\/\/mc-campfyn.dk\/index.php?rest_route=\/wp\/v2\/pages"}],"about":[{"href":"http:\/\/mc-campfyn.dk\/index.php?rest_route=\/wp\/v2\/types\/page"}],"author":[{"embeddable":true,"href":"http:\/\/mc-campfyn.dk\/index.php?rest_route=\/wp\/v2\/users\/1"}],"replies":[{"embeddable":true,"href":"http:\/\/mc-campfyn.dk\/index.php?rest_route=%2Fwp%2Fv2%2Fcomments&post=2171"}],"version-history":[{"count":22,"href":"http:\/\/mc-campfyn.dk\/index.php?rest_route=\/wp\/v2\/pages\/2171\/revisions"}],"predecessor-version":[{"id":2622,"href":"http:\/\/mc-campfyn.dk\/index.php?rest_route=\/wp\/v2\/pages\/2171\/revisions\/2622"}],"wp:attachment":[{"href":"http:\/\/mc-campfyn.dk\/index.php?rest_route=%2Fwp%2Fv2%2Fmedia&parent=2171"}],"curies":[{"name":"wp","href":"https:\/\/api.w.org\/{rel}","templated":true}]}}

<h3><span style="color: #000000;"><strong>Oktoberfest på MC-Campfyn</strong></span></h3>
<p><span style="color: #000000;">📅 <strong>Lørdag den 3. Oktober 2026</strong></span></p>
<p><span style="color: #000000;">Vi holder igen i år <strong>Oktoberfest</strong> på MC-Campfyn, og vi glæder os til en festlig aften!</span></p>
<p><span style="color: #000000;">Som de foregående år vil der være <strong>wienerschnitzel</strong> med det hele og <strong>fadøl på hanen</strong>. Vi starter med opvarmning om eftermiddagen, så kom gerne tidligt, så der er tid til at skifte til det rigtige kostume.</span></p>
<p><span style="color: #000000;"><strong>Nyhed i år:</strong> Vi har fået mulighed for at opvarme drivhuset, så der er plads til mange flere gæster. Kom frisk og vær med til at skabe en uforglemmelig fest!</span></p>
<ul>
<li><span style="color: #000000;"><strong>Spisning:</strong> Kl. 18:00</span></li>
<li><span style="color: #000000;"><strong>Slut:</strong> Kl. 02:00</span></li>
</ul>
<p><span style="color: #000000;"><strong>Gave:</strong> Der er en gave til den gruppe, der tilmelder sig med <strong>over 10 personer</strong>.</span></p>
<hr />
<h3><span style="color: #000000;"><strong>Pris</strong></span></h3>
<ul>
<li><span style="color: #000000;">Prisen kommer på, lige så snart vi har priserne på plads, med vores madleverandør.</span></li>
</ul>
<hr />
<h3><span style="color: #000000;"><strong>Overnatning</strong></span></h3>
<p><span style="color: #000000;">Der er mulighed for at bestille en seng, men der er også masser af plads til telt.</span><br />
<span style="color: #000000;">det skal bestilles samtidig med tilmelding til festen.</span></p>
<p><span style="color: #000000;">Vi glæder os til at se jer og fejre en fantastisk Oktoberfest sammen!</span></p>
<p><span style="color: #000000;"><strong>Venlig hilsen</strong></span><br />
<span style="color: #000000;"><em>Tina og Kim</em></span></p>
<h3 style="text-align: center;"></h3>
<p align="center">

<p>Oktoberfest på MC-Campfyn 📅 Lørdag den 3. Oktober 2026 Vi holder igen i år Oktoberfest på MC-Campfyn, og vi glæder os til en festlig aften! Som de foregående år vil der være wienerschnitzel med det hele og fadøl på hanen. Vi starter med opvarmning om eftermiddagen, så kom gerne tidligt, så der er tid til&hellip; <br /> <a class="read-more" href="http://mc-campfyn.dk/?page_id=2171">Læs mere</a></p>

<!-- This site is optimized with the Yoast SEO plugin v24.5 - https://yoast.com/wordpress/plugins/seo/ -->
<title>Oktoberfest 2026 -</title>
<meta name="robots" content="index, follow, max-snippet:-1, max-image-preview:large, max-video-preview:-1" />
<link rel="canonical" href="http://mc-campfyn.dk/?page_id=2171" />
<meta property="og:locale" content="da_DK" />
<meta property="og:type" content="article" />
<meta property="og:title" content="Oktoberfest 2026 -" />
<meta property="og:description" content="Oktoberfest på MC-Campfyn 📅 Lørdag den 3. Oktober 2026 Vi holder igen i år Oktoberfest på MC-Campfyn, og vi glæder os til en festlig aften! Som de foregående år vil der være wienerschnitzel med det hele og fadøl på hanen. Vi starter med opvarmning om eftermiddagen, så kom gerne tidligt, så der er tid til&hellip; Læs mere" />
<meta property="og:url" content="http://mc-campfyn.dk/?page_id=2171" />
<meta property="article:modified_time" content="2026-03-03T14:03:36+00:00" />
<meta name="twitter:card" content="summary_large_image" />
<meta name="twitter:label1" content="Estimeret læsetid" />
	<meta name="twitter:data1" content="1 minut" />
<script type="application/ld+json" class="yoast-schema-graph">{"@context":"https://schema.org","@graph":[{"@type":"WebPage","@id":"http://mc-campfyn.dk/?page_id=2171","url":"http://mc-campfyn.dk/?page_id=2171","name":"Oktoberfest 2026 -","isPartOf":{"@id":"http://mc-campfyn.dk/#website"},"datePublished":"2020-01-25T21:42:13+00:00","dateModified":"2026-03-03T14:03:36+00:00","breadcrumb":{"@id":"http://mc-campfyn.dk/?page_id=2171#breadcrumb"},"inLanguage":"da-DK","potentialAction":[{"@type":"ReadAction","target":["http://mc-campfyn.dk/?page_id=2171"]}]},{"@type":"BreadcrumbList","@id":"http://mc-campfyn.dk/?page_id=2171#breadcrumb","itemListElement":[{"@type":"ListItem","position":1,"name":"Hjem","item":"http://mc-campfyn.dk/"},{"@type":"ListItem","position":2,"name":"Oktoberfest 2026"}]},{"@type":"WebSite","@id":"http://mc-campfyn.dk/#website","url":"http://mc-campfyn.dk/","name":"mc-campfyn","description":"","publisher":{"@id":"http://mc-campfyn.dk/#organization"},"potentialAction":[{"@type":"SearchAction","target":{"@type":"EntryPoint","urlTemplate":"http://mc-campfyn.dk/?s={search_term_string}"},"query-input":{"@type":"PropertyValueSpecification","valueRequired":true,"valueName":"search_term_string"}}],"inLanguage":"da-DK"},{"@type":"Organization","@id":"http://mc-campfyn.dk/#organization","name":"mc-campfyn","url":"http://mc-campfyn.dk/","logo":{"@type":"ImageObject","inLanguage":"da-DK","@id":"http://mc-campfyn.dk/#/schema/logo/image/","url":"http://mc-campfyn.dk/wp-content/uploads/2019/11/logo-1.jpg","contentUrl":"http://mc-campfyn.dk/wp-content/uploads/2019/11/logo-1.jpg","width":380,"height":373,"caption":"mc-campfyn"},"image":{"@id":"http://mc-campfyn.dk/#/schema/logo/image/"}}]}</script>
<!-- / Yoast SEO plugin. -->

Oktoberfest på MC-Campfyn 📅 Lørdag den 3. Oktober 2026 Vi holder igen i år Oktoberfest på MC-Campfyn, og vi glæder os til en festlig aften! Som de foregående år vil der være wienerschnitzel med det hele og fadøl på hanen. Vi starter med opvarmning om eftermiddagen, så kom gerne tidligt, så der er tid til&hellip; Læs mere
