{"id":18,"date":"2019-07-02T20:25:37","date_gmt":"2019-07-02T18:25:37","guid":{"rendered":"http:\/\/mc-campfyn.dk\/?page_id=18"},"modified":"2026-04-16T09:40:15","modified_gmt":"2026-04-16T07:40:15","slug":"mesmerize","status":"publish","type":"page","link":"https:\/\/mc-campfyn.dk\/","title":{"rendered":"MC-Campfyn"},"content":{"rendered":"<div data-label=\"Overlappable\" data-id=\"overlappable--2\" data-export-id=\"overlappable-4\" data-category=\"overlappable\" class=\"overlappable-4 content-section content-section-spacing\" data-overlap=\"true\" id=\"overlappable-2\" style=\"background-color: #ffffff;\">\r\n<div class=\"gridContainer\">\r\n<div data-type=\"row\" class=\"row spaced-cols text-center\">\r\n<div class=\"col-xs-12 col-sm-4 col-padding col-md-4 \">\r\n\r\n<a data-cp-link=\"1\" href=\"https:\/\/mc-campfyn.dk?page_id=621\" target=\"_self\" rel=\"noopener noreferrer\"><i class=\"fa icon shadow-large-black aligncenter color1 fa-bed reverse round large\"><\/i><\/a>\r\n<div data-type=\"column\" class=\"\">\r\n<p class=\"lead\"><strong><span style=\"color: #000000; font-size: 14pt;\"><span style=\"font-family: verdana, geneva, sans-serif;\">Overnatnings muligheder<\/span><\/span><\/strong><\/p>\r\n<span style=\"color: #000000;\">Vi har 14 v\u00e6relser, 2 hytter og masser af plads til telte \u2013 i alt ca. 40 indend\u00f8rs sengepladser.<\/span>\r\n\r\n<span style=\"color: #000000;\">Flere weekender i l\u00f8bet af \u00e5ret bliver der hurtigt fyldt op, s\u00e5 det er en god id\u00e9 at bestille i god tid. Vinteren er generelt stille, men vi holder \u00e5bent p\u00e5 v\u00e6relserne \u00e5ret rundt for b\u00e5de turister og h\u00e5ndv\u00e6rkere \u2013 dog kun ved forudbestilling.\r\n\r\n<a href=\"https:\/\/mc-campfyn.dk\/?page_id=19\">Mere info om overnatning<\/a>\r\n\r\n<\/span>\r\n\r\n<span style=\"color: #000000;\">Kontakt os for booking p\u00e5 tlf. 25536783 \/ 25120228.<\/span>\r\n\r\n<span style=\"color: #000000;\">Eller mail : bb@mc-campfyn.dk<\/span>\r\n\r\n<span style=\"color: #000000;\">Vi bor p\u00e5<\/span>\r\n<span style=\"color: #000000;\">Rudmevej 3a 5750 Ringe<\/span>\r\n\r\n<span style=\"color: #000000;\">Venlig hilsen<\/span>\r\n\r\n<span style=\"color: #000000;\">Tina og Kim<\/span>\r\n<span style=\"color: #000000;\">MC-Campfyn<\/span>\r\n\r\n<\/div>\r\n<\/div>\r\n<div class=\"col-xs-12 col-sm-4 col-padding col-md-4 \">\r\n<div data-type=\"column\" class=\"\">\r\n\r\n&nbsp;\r\n\r\n<\/div>\r\n<\/div>\r\n<div class=\"col-xs-12 col-sm-4 col-padding col-md-4 \">\r\n\r\n<a data-cp-link=\"1\" href=\"https:\/\/mc-campfyn.dk?page_id=680\" target=\"_blank\" rel=\"noopener noreferrer\"><i class=\"fa icon shadow-large-black aligncenter color1 fa-money reverse round large\"><\/i><\/a>\r\n<div data-type=\"column\" class=\"\">\r\n<h5 class=\"\"><span style=\"font-family: verdana, geneva, sans-serif; font-size: 12pt;\">PRISER<\/span><\/h5>\r\n<span style=\"color: #000000;\">Vi bestr\u00e6ber os stadig p\u00e5 at undg\u00e5 forudbetaling for vores kunder. Men p\u00e5 grund af flere aflysninger, som sker dagen f\u00f8r eller p\u00e5 selve ankomstdagen, er vi desv\u00e6rre n\u00f8dt til at opkr\u00e6ve betaling for de bestilte vare.\r\n\r\n<a href=\"https:\/\/mc-campfyn.dk\/?page_id=680\">Priser<\/a>\r\n<\/span>\r\n\r\n<span style=\"color: #000000;\">\r\nVed afbud to dage f\u00f8r eller senere opkr\u00e6ves fuld pris. Dette g\u00e6lder kun for aftensmad og v\u00e6relser.<\/span>\r\n\r\n<span style=\"color: #000000;\">Bem\u00e6rk, at betaling kun kan ske med kontanter eller MobilePay \u2013 vi modtager desv\u00e6rre ikke kreditkort.<\/span>\r\n\r\n&nbsp;\r\n\r\n<\/div>\r\n<\/div>\r\n<\/div>\r\n<\/div>\r\n<\/div>","protected":false},"excerpt":{"rendered":"<p>Overnatnings muligheder Vi har 14 v\u00e6relser, 2 hytter og masser af plads til telte \u2013 i alt ca. 40 indend\u00f8rs sengepladser. Flere weekender i l\u00f8bet af \u00e5ret bliver der hurtigt fyldt op, s\u00e5 det er en god id\u00e9 at bestille i god tid. Vinteren er generelt stille, men vi holder \u00e5bent p\u00e5 v\u00e6relserne \u00e5ret rundt&hellip; <br \/> <a class=\"read-more\" href=\"https:\/\/mc-campfyn.dk\/\">L\u00e6s mere<\/a><\/p>\n","protected":false},"author":1,"featured_media":1685,"parent":0,"menu_order":0,"comment_status":"closed","ping_status":"closed","template":"page-templates\/homepage.php","meta":{"footnotes":""},"yoast_head":"<!-- This site is optimized with the Yoast SEO plugin v24.5 - https:\/\/yoast.com\/wordpress\/plugins\/seo\/ -->\n<title>MC-Campfyn -<\/title>\n<meta name=\"robots\" content=\"index, follow, max-snippet:-1, max-image-preview:large, max-video-preview:-1\" \/>\n<link rel=\"canonical\" href=\"https:\/\/mc-campfyn.dk\/\" \/>\n<meta property=\"og:locale\" content=\"da_DK\" \/>\n<meta property=\"og:type\" content=\"article\" \/>\n<meta property=\"og:title\" content=\"MC-Campfyn -\" \/>\n<meta property=\"og:description\" content=\"Overnatnings muligheder Vi har 14 v\u00e6relser, 2 hytter og masser af plads til telte \u2013 i alt ca. 40 indend\u00f8rs sengepladser. Flere weekender i l\u00f8bet af \u00e5ret bliver der hurtigt fyldt op, s\u00e5 det er en god id\u00e9 at bestille i god tid. Vinteren er generelt stille, men vi holder \u00e5bent p\u00e5 v\u00e6relserne \u00e5ret rundt&hellip; L\u00e6s mere\" \/>\n<meta property=\"og:url\" content=\"https:\/\/mc-campfyn.dk\/\" \/>\n<meta property=\"article:modified_time\" content=\"2026-04-16T07:40:15+00:00\" \/>\n<meta property=\"og:image\" content=\"https:\/\/mc-campfyn.dk\/wp-content\/uploads\/2019\/11\/nimbus-tr\u00e6f-046-e1573318058239.jpg\" \/>\n\t<meta property=\"og:image:width\" content=\"500\" \/>\n\t<meta property=\"og:image:height\" content=\"335\" \/>\n\t<meta property=\"og:image:type\" content=\"image\/jpeg\" \/>\n<meta name=\"twitter:card\" content=\"summary_large_image\" \/>\n<meta name=\"twitter:label1\" content=\"Estimeret l\u00e6setid\" \/>\n\t<meta name=\"twitter:data1\" content=\"2 minutter\" \/>\n<script type=\"application\/ld+json\" class=\"yoast-schema-graph\">{\"@context\":\"https:\/\/schema.org\",\"@graph\":[{\"@type\":\"WebPage\",\"@id\":\"https:\/\/mc-campfyn.dk\/\",\"url\":\"https:\/\/mc-campfyn.dk\/\",\"name\":\"MC-Campfyn -\",\"isPartOf\":{\"@id\":\"https:\/\/mc-campfyn.dk\/#website\"},\"primaryImageOfPage\":{\"@id\":\"https:\/\/mc-campfyn.dk\/#primaryimage\"},\"image\":{\"@id\":\"https:\/\/mc-campfyn.dk\/#primaryimage\"},\"thumbnailUrl\":\"https:\/\/mc-campfyn.dk\/wp-content\/uploads\/2019\/11\/nimbus-tr\u00e6f-046-e1573318058239.jpg\",\"datePublished\":\"2019-07-02T18:25:37+00:00\",\"dateModified\":\"2026-04-16T07:40:15+00:00\",\"breadcrumb\":{\"@id\":\"https:\/\/mc-campfyn.dk\/#breadcrumb\"},\"inLanguage\":\"da-DK\",\"potentialAction\":[{\"@type\":\"ReadAction\",\"target\":[\"https:\/\/mc-campfyn.dk\/\"]}]},{\"@type\":\"ImageObject\",\"inLanguage\":\"da-DK\",\"@id\":\"https:\/\/mc-campfyn.dk\/#primaryimage\",\"url\":\"https:\/\/mc-campfyn.dk\/wp-content\/uploads\/2019\/11\/nimbus-tr\u00e6f-046-e1573318058239.jpg\",\"contentUrl\":\"https:\/\/mc-campfyn.dk\/wp-content\/uploads\/2019\/11\/nimbus-tr\u00e6f-046-e1573318058239.jpg\",\"width\":500,\"height\":335},{\"@type\":\"BreadcrumbList\",\"@id\":\"https:\/\/mc-campfyn.dk\/#breadcrumb\",\"itemListElement\":[{\"@type\":\"ListItem\",\"position\":1,\"name\":\"Hjem\",\"item\":\"https:\/\/mc-campfyn.dk\/\"},{\"@type\":\"ListItem\",\"position\":2,\"name\":\"MC-Campfyn\"}]},{\"@type\":\"WebSite\",\"@id\":\"https:\/\/mc-campfyn.dk\/#website\",\"url\":\"https:\/\/mc-campfyn.dk\/\",\"name\":\"mc-campfyn\",\"description\":\"\",\"publisher\":{\"@id\":\"https:\/\/mc-campfyn.dk\/#organization\"},\"potentialAction\":[{\"@type\":\"SearchAction\",\"target\":{\"@type\":\"EntryPoint\",\"urlTemplate\":\"https:\/\/mc-campfyn.dk\/?s={search_term_string}\"},\"query-input\":{\"@type\":\"PropertyValueSpecification\",\"valueRequired\":true,\"valueName\":\"search_term_string\"}}],\"inLanguage\":\"da-DK\"},{\"@type\":\"Organization\",\"@id\":\"https:\/\/mc-campfyn.dk\/#organization\",\"name\":\"mc-campfyn\",\"url\":\"https:\/\/mc-campfyn.dk\/\",\"logo\":{\"@type\":\"ImageObject\",\"inLanguage\":\"da-DK\",\"@id\":\"https:\/\/mc-campfyn.dk\/#\/schema\/logo\/image\/\",\"url\":\"https:\/\/mc-campfyn.dk\/wp-content\/uploads\/2019\/11\/logo-1.jpg\",\"contentUrl\":\"https:\/\/mc-campfyn.dk\/wp-content\/uploads\/2019\/11\/logo-1.jpg\",\"width\":380,\"height\":373,\"caption\":\"mc-campfyn\"},\"image\":{\"@id\":\"https:\/\/mc-campfyn.dk\/#\/schema\/logo\/image\/\"}}]}<\/script>\n<!-- \/ Yoast SEO plugin. -->","yoast_head_json":{"title":"MC-Campfyn -","robots":{"index":"index","follow":"follow","max-snippet":"max-snippet:-1","max-image-preview":"max-image-preview:large","max-video-preview":"max-video-preview:-1"},"canonical":"https:\/\/mc-campfyn.dk\/","og_locale":"da_DK","og_type":"article","og_title":"MC-Campfyn -","og_description":"Overnatnings muligheder Vi har 14 v\u00e6relser, 2 hytter og masser af plads til telte \u2013 i alt ca. 40 indend\u00f8rs sengepladser. Flere weekender i l\u00f8bet af \u00e5ret bliver der hurtigt fyldt op, s\u00e5 det er en god id\u00e9 at bestille i god tid. Vinteren er generelt stille, men vi holder \u00e5bent p\u00e5 v\u00e6relserne \u00e5ret rundt&hellip; L\u00e6s mere","og_url":"https:\/\/mc-campfyn.dk\/","article_modified_time":"2026-04-16T07:40:15+00:00","og_image":[{"width":500,"height":335,"url":"https:\/\/mc-campfyn.dk\/wp-content\/uploads\/2019\/11\/nimbus-tr\u00e6f-046-e1573318058239.jpg","type":"image\/jpeg"}],"twitter_card":"summary_large_image","twitter_misc":{"Estimeret l\u00e6setid":"2 minutter"},"schema":{"@context":"https:\/\/schema.org","@graph":[{"@type":"WebPage","@id":"https:\/\/mc-campfyn.dk\/","url":"https:\/\/mc-campfyn.dk\/","name":"MC-Campfyn -","isPartOf":{"@id":"https:\/\/mc-campfyn.dk\/#website"},"primaryImageOfPage":{"@id":"https:\/\/mc-campfyn.dk\/#primaryimage"},"image":{"@id":"https:\/\/mc-campfyn.dk\/#primaryimage"},"thumbnailUrl":"https:\/\/mc-campfyn.dk\/wp-content\/uploads\/2019\/11\/nimbus-tr\u00e6f-046-e1573318058239.jpg","datePublished":"2019-07-02T18:25:37+00:00","dateModified":"2026-04-16T07:40:15+00:00","breadcrumb":{"@id":"https:\/\/mc-campfyn.dk\/#breadcrumb"},"inLanguage":"da-DK","potentialAction":[{"@type":"ReadAction","target":["https:\/\/mc-campfyn.dk\/"]}]},{"@type":"ImageObject","inLanguage":"da-DK","@id":"https:\/\/mc-campfyn.dk\/#primaryimage","url":"https:\/\/mc-campfyn.dk\/wp-content\/uploads\/2019\/11\/nimbus-tr\u00e6f-046-e1573318058239.jpg","contentUrl":"https:\/\/mc-campfyn.dk\/wp-content\/uploads\/2019\/11\/nimbus-tr\u00e6f-046-e1573318058239.jpg","width":500,"height":335},{"@type":"BreadcrumbList","@id":"https:\/\/mc-campfyn.dk\/#breadcrumb","itemListElement":[{"@type":"ListItem","position":1,"name":"Hjem","item":"https:\/\/mc-campfyn.dk\/"},{"@type":"ListItem","position":2,"name":"MC-Campfyn"}]},{"@type":"WebSite","@id":"https:\/\/mc-campfyn.dk\/#website","url":"https:\/\/mc-campfyn.dk\/","name":"mc-campfyn","description":"","publisher":{"@id":"https:\/\/mc-campfyn.dk\/#organization"},"potentialAction":[{"@type":"SearchAction","target":{"@type":"EntryPoint","urlTemplate":"https:\/\/mc-campfyn.dk\/?s={search_term_string}"},"query-input":{"@type":"PropertyValueSpecification","valueRequired":true,"valueName":"search_term_string"}}],"inLanguage":"da-DK"},{"@type":"Organization","@id":"https:\/\/mc-campfyn.dk\/#organization","name":"mc-campfyn","url":"https:\/\/mc-campfyn.dk\/","logo":{"@type":"ImageObject","inLanguage":"da-DK","@id":"https:\/\/mc-campfyn.dk\/#\/schema\/logo\/image\/","url":"https:\/\/mc-campfyn.dk\/wp-content\/uploads\/2019\/11\/logo-1.jpg","contentUrl":"https:\/\/mc-campfyn.dk\/wp-content\/uploads\/2019\/11\/logo-1.jpg","width":380,"height":373,"caption":"mc-campfyn"},"image":{"@id":"https:\/\/mc-campfyn.dk\/#\/schema\/logo\/image\/"}}]}},"_links":{"self":[{"href":"https:\/\/mc-campfyn.dk\/index.php?rest_route=\/wp\/v2\/pages\/18"}],"collection":[{"href":"https:\/\/mc-campfyn.dk\/index.php?rest_route=\/wp\/v2\/pages"}],"about":[{"href":"https:\/\/mc-campfyn.dk\/index.php?rest_route=\/wp\/v2\/types\/page"}],"author":[{"embeddable":true,"href":"https:\/\/mc-campfyn.dk\/index.php?rest_route=\/wp\/v2\/users\/1"}],"replies":[{"embeddable":true,"href":"https:\/\/mc-campfyn.dk\/index.php?rest_route=%2Fwp%2Fv2%2Fcomments&post=18"}],"version-history":[{"count":132,"href":"https:\/\/mc-campfyn.dk\/index.php?rest_route=\/wp\/v2\/pages\/18\/revisions"}],"predecessor-version":[{"id":2634,"href":"https:\/\/mc-campfyn.dk\/index.php?rest_route=\/wp\/v2\/pages\/18\/revisions\/2634"}],"wp:featuredmedia":[{"embeddable":true,"href":"https:\/\/mc-campfyn.dk\/index.php?rest_route=\/wp\/v2\/media\/1685"}],"wp:attachment":[{"href":"https:\/\/mc-campfyn.dk\/index.php?rest_route=%2Fwp%2Fv2%2Fmedia&parent=18"}],"curies":[{"name":"wp","href":"https:\/\/api.w.org\/{rel}","templated":true}]}}