{"id":26,"date":"2019-07-02T20:48:46","date_gmt":"2019-07-02T18:48:46","guid":{"rendered":"http:\/\/mc-campfyn.dk\/?page_id=26"},"modified":"2026-03-13T12:42:56","modified_gmt":"2026-03-13T11:42:56","slug":"pladsen","status":"publish","type":"page","link":"https:\/\/mc-campfyn.dk\/?page_id=26","title":{"rendered":"Pladsen"},"content":{"rendered":"\r\n<h3><span style=\"color: #000000;\"><strong>Sk\u00f8nne omgivelser og fleksible pladser<\/strong><\/span><\/h3>\r\n<p><span style=\"color: #000000;\">Vi r\u00e5der over hele <strong>3 hektar sk\u00f8n, parklignende have<\/strong>, hvor du kan nyde roen og naturen.<\/span><\/p>\r\n<ul>\r\n<li><span style=\"color: #000000;\"><strong>Ingen faste pladser<\/strong>: Du kan frit v\u00e6lge, hvor du vil s\u00e6tte dit telt op.<\/span><\/li>\r\n<li><span style=\"color: #000000;\"><strong>Parkering<\/strong>: Biler parkeres omkring huset, mens motorcykler er velkomne p\u00e5 campingomr\u00e5det.<\/span><\/li>\r\n<li><span style=\"color: #000000;\"><strong>Motorcykler ved teltet<\/strong>: N\u00e6sten uanset hvor du v\u00e6lger at sl\u00e5 teltet op, er der mulighed for at have din motorcykel st\u00e5ende lige ved siden af.<\/span><\/li>\r\n<\/ul>\r\n<p><span style=\"color: #000000;\"><strong>Indtjekning<\/strong> sker ved ankomst.<\/span><br \/><span style=\"color: #000000; font-family: 'times new roman', times, serif; font-size: 14pt;\"><a style=\"color: #000000;\" href=\"http:\/\/mc-campfyn.dk\/?page_id=2351\">\u00c5bningstider<\/a><\/span><\/p>\r\n<h3><span style=\"color: #000000;\"><strong>G\u00e5rdhave og terrasse til hygge<\/strong><\/span><\/h3>\r\n<p><span style=\"color: #000000;\">Vi har en <strong>lukket g\u00e5rdhave med glasoverd\u00e6kning<\/strong> samt en stor terrasse med adgang til grillen. Her er alle velkomne til at sidde og hygge sig i de dejlige omgivelser.<\/span><\/p>\r\n<ul>\r\n<li><span style=\"color: #000000;\"><strong>Drikkevarer<\/strong>: Vi beder venligst om, at der kun nydes drikkevarer, som er k\u00f8bt hos os.<\/span><\/li>\r\n<li><span style=\"color: #000000;\"><strong>Grillkul<\/strong>: Kan k\u00f8bes her p\u00e5 stedet.<\/span><\/li>\r\n<li><span style=\"color: #000000;\"><strong>Forplejning<\/strong>: Se vores udvalg af mad og drikkevarer her: [<strong>Se mulighederne her<\/strong>].<\/span><\/li>\r\n<\/ul>\r\n<p><span style=\"color: #000000;\">Kom og nyd en afslappende stund med venner, familie eller andre g\u00e6ster.<\/span><br \/><span style=\"font-family: 'times new roman', times, serif; font-size: 14pt; color: #000000;\"><span style=\"background-color: transparent;\"><a style=\"color: #000000;\" href=\"http:\/\/mc-campfyn.dk\/?page_id=680\" target=\"_blank\" rel=\"noopener noreferrer\">priser<\/a><br \/><br \/><\/span>Adgang til bad og toiletter, tek\u00f8kken, mulighed for at l\u00e5ne vaskemaskine, t\u00f8rreplads er under halvtag.<\/span><br \/><span style=\"font-family: 'times new roman', times, serif; font-size: 14pt; color: #000000;\">Der er ogs\u00e5 mulighed for at f\u00e5 k\u00f8leelementer frosset ned. <br \/><span style=\"background-color: transparent;\">Mulighed for at booke vores lokale til foredrag, der er projektor og lydanl\u00e6g.<br \/><a style=\"color: #000000;\" href=\"http:\/\/mc-campfyn.dk\/?page_id=635\" target=\"_blank\" rel=\"noopener noreferrer\">se mere p\u00e5 siden faciliteter<\/a><br \/><\/span><\/span><\/p>\r\n<h3><span style=\"color: #000000;\"><strong>Internet og opladning<\/strong><\/span><\/h3>\r\n<ul>\r\n<li><span style=\"color: #000000;\"><strong>Gratis internet<\/strong>: Tilg\u00e6ngeligt i og omkring huset.<\/span><\/li>\r\n<li><span style=\"color: #000000;\"><strong>Opladning af udstyr<\/strong>: Der er mulighed for at oplade dit udstyr i stuehuset, men bem\u00e6rk, at der ikke er str\u00f8m p\u00e5 campingomr\u00e5det.<\/span><\/li>\r\n<li><span style=\"color: #000000;\"><a style=\"color: #000000;\" href=\"http:\/\/mc-campfyn.dk\/?page_id=680\" target=\"_blank\" rel=\"noopener noreferrer\">Se vores pris<\/a><\/span><\/li>\r\n<li><span style=\"color: #000000;\"><a style=\"background-color: transparent; text-align: center; color: #000000;\" href=\"mailto:bb@mc-campfyn.dk\" target=\"_blank\" rel=\"noopener noreferrer\">for mere info kan i skrive til vores mail<\/a><\/span><\/li>\r\n<\/ul>\r\n<p><span style=\"font-family: 'times new roman', times, serif; font-size: 14pt; color: #000000;\">\r\n\r\n<\/span><\/p>\r\n<p style=\"text-align: left;\"><span style=\"color: #000000; font-family: 'times new roman', times, serif; font-size: 14pt;\">Se en lille film fra vores plads. den varer 1.55 min.<\/span><br \/><span style=\"color: #000000; font-family: 'times new roman', times, serif; font-size: 14pt;\"><a style=\"color: #000000;\" href=\"https:\/\/youtu.be\/P-WmGYc_VSg\" target=\"_blank\" rel=\"noopener noreferrer\">film<\/a><\/span><\/p>\r\n<p><img loading=\"lazy\" decoding=\"async\" class=\"size-medium wp-image-1685 alignleft\" src=\"http:\/\/mc-campfyn.dk\/wp-content\/uploads\/2019\/11\/nimbus-tr\u00e6f-046-300x201.jpg\" alt=\"\" width=\"300\" height=\"201\" \/><\/p>\r\n<figure><\/figure>\r\n<ul class=\"wp-block-gallery aligncenter columns-3 is-cropped\">\r\n<li class=\"blocks-gallery-item\"><span style=\"color: #000000;\">Provins tv har v\u00e6ret forbi og optaget lidt herfra det kan ses\u00a0 p\u00e5 dette link : <\/span><a href=\"https:\/\/youtu.be\/3kpMtOrjz2Y?si=rpby-SGMBaUF8wa4\">provins tv p\u00e5 bes\u00f8g <\/a><\/li>\r\n<\/ul>\r\n","protected":false},"excerpt":{"rendered":"<p>Sk\u00f8nne omgivelser og fleksible pladser Vi r\u00e5der over hele 3 hektar sk\u00f8n, parklignende have, hvor du kan nyde roen og naturen. Ingen faste pladser: Du kan frit v\u00e6lge, hvor du vil s\u00e6tte dit telt op. Parkering: Biler parkeres omkring huset, mens motorcykler er velkomne p\u00e5 campingomr\u00e5det. Motorcykler ved teltet: N\u00e6sten uanset hvor du v\u00e6lger at&hellip; <br \/> <a class=\"read-more\" href=\"https:\/\/mc-campfyn.dk\/?page_id=26\">L\u00e6s mere<\/a><\/p>\n","protected":false},"author":1,"featured_media":1931,"parent":0,"menu_order":0,"comment_status":"closed","ping_status":"closed","template":"","meta":{"footnotes":""},"yoast_head":"<!-- This site is optimized with the Yoast SEO plugin v24.5 - https:\/\/yoast.com\/wordpress\/plugins\/seo\/ -->\n<title>Pladsen -<\/title>\n<meta name=\"robots\" content=\"index, follow, max-snippet:-1, max-image-preview:large, max-video-preview:-1\" \/>\n<link rel=\"canonical\" href=\"https:\/\/mc-campfyn.dk\/?page_id=26\" \/>\n<meta property=\"og:locale\" content=\"da_DK\" \/>\n<meta property=\"og:type\" content=\"article\" \/>\n<meta property=\"og:title\" content=\"Pladsen -\" \/>\n<meta property=\"og:description\" content=\"Sk\u00f8nne omgivelser og fleksible pladser Vi r\u00e5der over hele 3 hektar sk\u00f8n, parklignende have, hvor du kan nyde roen og naturen. Ingen faste pladser: Du kan frit v\u00e6lge, hvor du vil s\u00e6tte dit telt op. Parkering: Biler parkeres omkring huset, mens motorcykler er velkomne p\u00e5 campingomr\u00e5det. Motorcykler ved teltet: N\u00e6sten uanset hvor du v\u00e6lger at&hellip; L\u00e6s mere\" \/>\n<meta property=\"og:url\" content=\"https:\/\/mc-campfyn.dk\/?page_id=26\" \/>\n<meta property=\"article:modified_time\" content=\"2026-03-13T11:42:56+00:00\" \/>\n<meta property=\"og:image\" content=\"https:\/\/mc-campfyn.dk\/wp-content\/uploads\/2019\/11\/DSC00536-2-1-scaled.jpg\" \/>\n\t<meta property=\"og:image:width\" content=\"2560\" \/>\n\t<meta property=\"og:image:height\" content=\"459\" \/>\n\t<meta property=\"og:image:type\" content=\"image\/jpeg\" \/>\n<meta name=\"twitter:card\" content=\"summary_large_image\" \/>\n<meta name=\"twitter:label1\" content=\"Estimeret l\u00e6setid\" \/>\n\t<meta name=\"twitter:data1\" content=\"2 minutter\" \/>\n<script type=\"application\/ld+json\" class=\"yoast-schema-graph\">{\"@context\":\"https:\/\/schema.org\",\"@graph\":[{\"@type\":\"WebPage\",\"@id\":\"https:\/\/mc-campfyn.dk\/?page_id=26\",\"url\":\"https:\/\/mc-campfyn.dk\/?page_id=26\",\"name\":\"Pladsen -\",\"isPartOf\":{\"@id\":\"https:\/\/mc-campfyn.dk\/#website\"},\"primaryImageOfPage\":{\"@id\":\"https:\/\/mc-campfyn.dk\/?page_id=26#primaryimage\"},\"image\":{\"@id\":\"https:\/\/mc-campfyn.dk\/?page_id=26#primaryimage\"},\"thumbnailUrl\":\"https:\/\/mc-campfyn.dk\/wp-content\/uploads\/2019\/11\/DSC00536-2-1-scaled.jpg\",\"datePublished\":\"2019-07-02T18:48:46+00:00\",\"dateModified\":\"2026-03-13T11:42:56+00:00\",\"breadcrumb\":{\"@id\":\"https:\/\/mc-campfyn.dk\/?page_id=26#breadcrumb\"},\"inLanguage\":\"da-DK\",\"potentialAction\":[{\"@type\":\"ReadAction\",\"target\":[\"https:\/\/mc-campfyn.dk\/?page_id=26\"]}]},{\"@type\":\"ImageObject\",\"inLanguage\":\"da-DK\",\"@id\":\"https:\/\/mc-campfyn.dk\/?page_id=26#primaryimage\",\"url\":\"https:\/\/mc-campfyn.dk\/wp-content\/uploads\/2019\/11\/DSC00536-2-1-scaled.jpg\",\"contentUrl\":\"https:\/\/mc-campfyn.dk\/wp-content\/uploads\/2019\/11\/DSC00536-2-1-scaled.jpg\",\"width\":2560,\"height\":459},{\"@type\":\"BreadcrumbList\",\"@id\":\"https:\/\/mc-campfyn.dk\/?page_id=26#breadcrumb\",\"itemListElement\":[{\"@type\":\"ListItem\",\"position\":1,\"name\":\"Hjem\",\"item\":\"https:\/\/mc-campfyn.dk\/\"},{\"@type\":\"ListItem\",\"position\":2,\"name\":\"Pladsen\"}]},{\"@type\":\"WebSite\",\"@id\":\"https:\/\/mc-campfyn.dk\/#website\",\"url\":\"https:\/\/mc-campfyn.dk\/\",\"name\":\"mc-campfyn\",\"description\":\"\",\"publisher\":{\"@id\":\"https:\/\/mc-campfyn.dk\/#organization\"},\"potentialAction\":[{\"@type\":\"SearchAction\",\"target\":{\"@type\":\"EntryPoint\",\"urlTemplate\":\"https:\/\/mc-campfyn.dk\/?s={search_term_string}\"},\"query-input\":{\"@type\":\"PropertyValueSpecification\",\"valueRequired\":true,\"valueName\":\"search_term_string\"}}],\"inLanguage\":\"da-DK\"},{\"@type\":\"Organization\",\"@id\":\"https:\/\/mc-campfyn.dk\/#organization\",\"name\":\"mc-campfyn\",\"url\":\"https:\/\/mc-campfyn.dk\/\",\"logo\":{\"@type\":\"ImageObject\",\"inLanguage\":\"da-DK\",\"@id\":\"https:\/\/mc-campfyn.dk\/#\/schema\/logo\/image\/\",\"url\":\"https:\/\/mc-campfyn.dk\/wp-content\/uploads\/2019\/11\/logo-1.jpg\",\"contentUrl\":\"https:\/\/mc-campfyn.dk\/wp-content\/uploads\/2019\/11\/logo-1.jpg\",\"width\":380,\"height\":373,\"caption\":\"mc-campfyn\"},\"image\":{\"@id\":\"https:\/\/mc-campfyn.dk\/#\/schema\/logo\/image\/\"}}]}<\/script>\n<!-- \/ Yoast SEO plugin. -->","yoast_head_json":{"title":"Pladsen -","robots":{"index":"index","follow":"follow","max-snippet":"max-snippet:-1","max-image-preview":"max-image-preview:large","max-video-preview":"max-video-preview:-1"},"canonical":"https:\/\/mc-campfyn.dk\/?page_id=26","og_locale":"da_DK","og_type":"article","og_title":"Pladsen -","og_description":"Sk\u00f8nne omgivelser og fleksible pladser Vi r\u00e5der over hele 3 hektar sk\u00f8n, parklignende have, hvor du kan nyde roen og naturen. Ingen faste pladser: Du kan frit v\u00e6lge, hvor du vil s\u00e6tte dit telt op. Parkering: Biler parkeres omkring huset, mens motorcykler er velkomne p\u00e5 campingomr\u00e5det. Motorcykler ved teltet: N\u00e6sten uanset hvor du v\u00e6lger at&hellip; L\u00e6s mere","og_url":"https:\/\/mc-campfyn.dk\/?page_id=26","article_modified_time":"2026-03-13T11:42:56+00:00","og_image":[{"width":2560,"height":459,"url":"https:\/\/mc-campfyn.dk\/wp-content\/uploads\/2019\/11\/DSC00536-2-1-scaled.jpg","type":"image\/jpeg"}],"twitter_card":"summary_large_image","twitter_misc":{"Estimeret l\u00e6setid":"2 minutter"},"schema":{"@context":"https:\/\/schema.org","@graph":[{"@type":"WebPage","@id":"https:\/\/mc-campfyn.dk\/?page_id=26","url":"https:\/\/mc-campfyn.dk\/?page_id=26","name":"Pladsen -","isPartOf":{"@id":"https:\/\/mc-campfyn.dk\/#website"},"primaryImageOfPage":{"@id":"https:\/\/mc-campfyn.dk\/?page_id=26#primaryimage"},"image":{"@id":"https:\/\/mc-campfyn.dk\/?page_id=26#primaryimage"},"thumbnailUrl":"https:\/\/mc-campfyn.dk\/wp-content\/uploads\/2019\/11\/DSC00536-2-1-scaled.jpg","datePublished":"2019-07-02T18:48:46+00:00","dateModified":"2026-03-13T11:42:56+00:00","breadcrumb":{"@id":"https:\/\/mc-campfyn.dk\/?page_id=26#breadcrumb"},"inLanguage":"da-DK","potentialAction":[{"@type":"ReadAction","target":["https:\/\/mc-campfyn.dk\/?page_id=26"]}]},{"@type":"ImageObject","inLanguage":"da-DK","@id":"https:\/\/mc-campfyn.dk\/?page_id=26#primaryimage","url":"https:\/\/mc-campfyn.dk\/wp-content\/uploads\/2019\/11\/DSC00536-2-1-scaled.jpg","contentUrl":"https:\/\/mc-campfyn.dk\/wp-content\/uploads\/2019\/11\/DSC00536-2-1-scaled.jpg","width":2560,"height":459},{"@type":"BreadcrumbList","@id":"https:\/\/mc-campfyn.dk\/?page_id=26#breadcrumb","itemListElement":[{"@type":"ListItem","position":1,"name":"Hjem","item":"https:\/\/mc-campfyn.dk\/"},{"@type":"ListItem","position":2,"name":"Pladsen"}]},{"@type":"WebSite","@id":"https:\/\/mc-campfyn.dk\/#website","url":"https:\/\/mc-campfyn.dk\/","name":"mc-campfyn","description":"","publisher":{"@id":"https:\/\/mc-campfyn.dk\/#organization"},"potentialAction":[{"@type":"SearchAction","target":{"@type":"EntryPoint","urlTemplate":"https:\/\/mc-campfyn.dk\/?s={search_term_string}"},"query-input":{"@type":"PropertyValueSpecification","valueRequired":true,"valueName":"search_term_string"}}],"inLanguage":"da-DK"},{"@type":"Organization","@id":"https:\/\/mc-campfyn.dk\/#organization","name":"mc-campfyn","url":"https:\/\/mc-campfyn.dk\/","logo":{"@type":"ImageObject","inLanguage":"da-DK","@id":"https:\/\/mc-campfyn.dk\/#\/schema\/logo\/image\/","url":"https:\/\/mc-campfyn.dk\/wp-content\/uploads\/2019\/11\/logo-1.jpg","contentUrl":"https:\/\/mc-campfyn.dk\/wp-content\/uploads\/2019\/11\/logo-1.jpg","width":380,"height":373,"caption":"mc-campfyn"},"image":{"@id":"https:\/\/mc-campfyn.dk\/#\/schema\/logo\/image\/"}}]}},"_links":{"self":[{"href":"https:\/\/mc-campfyn.dk\/index.php?rest_route=\/wp\/v2\/pages\/26"}],"collection":[{"href":"https:\/\/mc-campfyn.dk\/index.php?rest_route=\/wp\/v2\/pages"}],"about":[{"href":"https:\/\/mc-campfyn.dk\/index.php?rest_route=\/wp\/v2\/types\/page"}],"author":[{"embeddable":true,"href":"https:\/\/mc-campfyn.dk\/index.php?rest_route=\/wp\/v2\/users\/1"}],"replies":[{"embeddable":true,"href":"https:\/\/mc-campfyn.dk\/index.php?rest_route=%2Fwp%2Fv2%2Fcomments&post=26"}],"version-history":[{"count":83,"href":"https:\/\/mc-campfyn.dk\/index.php?rest_route=\/wp\/v2\/pages\/26\/revisions"}],"predecessor-version":[{"id":2630,"href":"https:\/\/mc-campfyn.dk\/index.php?rest_route=\/wp\/v2\/pages\/26\/revisions\/2630"}],"wp:featuredmedia":[{"embeddable":true,"href":"https:\/\/mc-campfyn.dk\/index.php?rest_route=\/wp\/v2\/media\/1931"}],"wp:attachment":[{"href":"https:\/\/mc-campfyn.dk\/index.php?rest_route=%2Fwp%2Fv2%2Fmedia&parent=26"}],"curies":[{"name":"wp","href":"https:\/\/api.w.org\/{rel}","templated":true}]}}